 a - 5. Calculate s(5).
-35
Let x(o) = -o**2 - 82*o - 1394. Determine x(-28).
118
Let l(v) = -2*v**2 - 32*v - 35. Give l(-20).
-195
Let l(f) = -3*f**2 + f - 19. What is l(-4)?
-71
Let l(t) = 2*t**2 - 10*t - 29. What is l(-4)?
43
Let f(q) = -2*q**2 + 343*q - 6193. Calculate f(151).
-2
Let a(s) = s**3 - 38*s**2 - 172*s + 30. Calculate a(42).
-138
Let c(i) = -149*i + 3899. Determine c(26).
25
Let o(p) = -14*p - 504. Give o(-34).
-28
Let m(t) = 420*t - 2092. What is m(5)?
8
Let u(n) = -n**3 + 224*n**2 + 183*n + 9446. Calculate u(225).
-4
Let w(z) = -143*z + 3068. What is w(22)?
-78
Let g(k) = 690*k - 4. Determine g(0).
-4
Let d(w) = 2*w**3 - 8*w**2 + 14*w + 2. Determine d(4).
58
Let o(g) = g**2 - 99*g + 1627. Give o(21).
-11
Let x(n) = -7*n**3 - 11*n**2 - 17*n - 101. Calculate x(-4).
239
Let m(o) = 4*o + 214. What is m(-12)?
166
Let t(y) = -28*y + 399. Determine t(14).
7
Let l(v) = -v**2 + 10. Determine l(-4).
-6
Let d(h) = h**3 + 111*h**2 - 455*h + 589. Give d(-115).
14
Let i(h) = -7*h**2 - 293*h + 40. Determine i(-42).
-2
Let x(j) = 2*j**2 - 60*j - 756. Calculate x(-11).
146
Let z(v) = -17*v + 35. Give z(24).
-373
Let f(k) = -k**2 - 8*k + 270. What is f(-21)?
-3
Let q(w) = w**2 + 33*w + 114. Calculate q(-4).
-2
Let r(f) = 4*f**2 - 282*f + 121. Determine r(70).
-19
Let z(p) = -481*p - 3838. What is z(-8)?
10
Let o(g) = -18*g**2 - 25*g - 22. What is o(-4)?
-210
Let v(z) = z**3 - 12*z**2 - 34*z + 78. Determine v(14).
-6
Let y(q) = 4*q**3 - 5*q**2 + 2*q - 9. Calculate y(2).
7
Let o(c) = 170*c + 85. Calculate o(0).
85
Let x(h) = -2*h**2 - 11*h + 26. Give x(-12).
-130
Let i(t) = 2*t**3 + 12*t + 4. Calculate i(-3).
-86
Let i(z) = z**3 + 42*z**2 - 50*z - 259. Calculate i(-43).
42
Let c(x) = 9*x**3 - 2*x**2 - 4*x - 4. What is c(3)?
209
Let t(w) = -w**2 - 6*w + 165. Give t(-18).
-51
Let r(c) = 57*c + 1014. Give r(-20).
-126
Let j(t) = 2*t**3 + 26*t**2 - 31*t - 59. Calculate j(-14).
-17
Let g(j) = 4*j**2 - 16*j - 171. Determine g(-6).
69
Let x(t) = -2*t**2 + 313*t + 2815. Give x(165).
10
Let j(m) = 5*m - 30. Determine j(2).
-20
Let x(d) = -d**2 - 20*d - 34. Calculate x(-4).
30
Let h(o) = 19*o**2 + 611*o + 82. What is h(-32)?
-14
Let t(b) = -117*b + 1327. Give t(11).
40
Let o(l) = -36*l**2 - 134*l + 386. Calculate o(3).
-340
Let o(t) = -t**3 + 20*t**2 + 67*t + 1455. What is o(25)?
5
Let a(n) = -16*n - 651. What is a(-41)?
5
Let n(w) = 419*w - 5435. What is n(13)?
12
Let z(v) = v**2 + 40*v + 376. Determine z(-21).
-23
Let n(h) = 5*h - 81. Determine n(18).
9
Let b(x) = -2*x**2 - 176*x + 921. What is b(-93)?
-9
Let p(n) = -815*n - 9722. Give p(-12).
58
Let a(s) = 506*s - 39481. Calculate a(78).
-13
Let h(z) = z**3 + 5*z**2 + 49*z + 181. Give h(-4).
1
Let x(f) = -6*f**2 - 207*f - 254. What is x(-34)?
-152
Let l(h) = 107*h - 1333. Calculate l(12).
-49
Let a(s) = -s**2 + 11002*s - 43975. Give a(4).
17
Let o(f) = 485*f - 33462. What is o(69)?
3
Let j(n) = n**3 - 27*n**2 + 70*n - 17. Calculate j(24).
-65
Let v(w) = -3*w**2 + 4128*w + 12400. What is v(-3)?
-11
Let x(q) = -3*q**3 - 39*q**2 + 35*q + 17. Give x(-14).
115
Let b(a) = a**2 + 95*a + 1950. What is b(-65)?
0
Let w(t) = t**3 - 25*t**2 - 55*t - 28. Give w(27).
-55
Let r(y) = -25*y**2 + 45*y + 8. Determine r(3).
-82
Let m(k) = 3*k**2 + 38*k - 31. Calculate m(-12).
-55
Let i(z) = 9*z**3 - 2*z**2 - 5*z - 8. What is i(-3)?
-254
Let x(w) = 12*w - 78. Calculate x(7).
6
Let d(y) = -y**2 - 196*y - 958. Calculate d(-191).
-3
Let w(a) = -55*a - 290. Calculate w(-5).
-15
Let r(g) = -g**3 - 16*g**2 + 68. Calculate r(-10).
-532
Let f(v) = -v**2 - 46*v - 402. What is f(-34)?
6
Let u(w) = w**2 + 465*w + 4988. Determine u(-11).
-6
Let y(r) = r**3 + 34*r**2 + 40*r + 229. Calculate y(-33).
-2
Let z(d) = 3*d**2 - 139*d + 1609. What is z(23)?
-1
Let b(d) = 2*d**2 + 55*d + 26. What is b(0)?
26
Let u(i) = 42*i**2 + 853*i + 259. Give u(-20).
-1
Let f(u) = -237*u**3 - 4*u**2 - 8*u - 5. Give f(-1).
236
Let d(h) = -1678*h - 13437. Determine d(-8).
-13
Let q(b) = 19*b**2 - 248*b + 15. Give q(13).
2
Let c(k) = 8*k + 569. Calculate c(-58).
105
Let z(n) = 10*n + 473. Determine z(-22).
253
Let x(y) = 3*y**2 + 75*y - 21. Determine x(-22).
-219
Let a(r) = -22*r - 1451. Give a(-67).
23
Let r(d) = -d**3 + 37*d**2 - 136*d + 158. Calculate r(33).
26
Let j(d) = 7*d**2 - 179*d + 339. Calculate j(2).
9
Let o(u) = u**3 - 16*u**2 + 127*u - 23. What is o(8)?
481
Let v(m) = -25*m + 223. What is v(9)?
-2
Let y(z) = -27*z - 40. Give y(-15).
365
Let p(n) = 147*n - 144. Calculate p(1).
3
Let l(s) = -3*s**2 - 217*s + 660. Calculate l(3).
-18
Let p(q) = -157*q - 9422. What is p(-60)?
-2
Let f(c) = -8*c**2 + 26*c + 55. What is f(5)?
-15
Let r(i) = -1489*i + 1482. Determine r(1).
-7
Let p(a) = -a**2 - 39*a + 148. Calculate p(-43).
-24
Let n(w) = -28*w - 152. Calculate n(3).
-236
Let t(g) = -g**2 + 19*g - 6. Give t(21).
-48
Let v(j) = 3*j**3 + 408*j**2 - 3*j - 415. Determine v(-136).
-7
Let i(r) = 42*r**2 + 253*r - 6. Calculate i(-6).
-12
Let s(m) = m**3 + 49*m**2 + 258*m + 4. Determine s(-43).
4
Let w(f) = -4*f**2 - 45*f + 22. Calculate w(-12).
-14
Let d(i) = -i**3 - 5*i**2 + 42*i + 138. Calculate d(-8).
-6
Let y(l) = -16*l**2 + 983*l - 430. Calculate y(61).
-3
Let h(q) = -q**3 - 47*q**2 + 45*q - 80. Determine h(-48).
64
Let n(w) = 8*w**2 - 51*w + 6. Give n(6).
-12
Let u(b) = -b**3 + 37*b**2 + 100*b + 795. Calculate u(40).
-5
Let z(t) = -12*t - 63. Determine z(-2).
-39
Let v(n) = -n**2 + 6*n - 10. Determine v(3).
-1
Let i(r) = -r - 217. What is i(0)?
-217
Let g(p) = p**3 + 7*p**2 + 15*p - 34. Give g(-8).
-218
Let n(t) = t**3 + 11*t**2 + 8*t + 8. Give n(-10).
28
Let g(v) = -4*v**3 + 10*v**2 - 4*v - 10. Calculate g(4).
-122
Let m(c) = 79*c**2 - 3*c - 5. Give m(-1).
77
Let z(y) = -y**3 - 56*y**2 - 107*y + 60. Determine z(-54).
6
Let d(w) = -32*w**2 + 221*w + 23. What is d(7)?
2
Let o(x) = x**3 - 11*x**2 + 13*x + 33. Give o(3).
0
Let l(r) = 15*r - 87. Calculate l(-24).
-447
Let q(p) = p**3 - 10*p**2 + 22*p - 45. Determine q(8).
3
Let u(o) = 9568*o - 191353. Calculate u(20).
7
Let z(y) = -y**2 + 55*y + 1106. Calculate z(66).
380
Let l(x) = 14*x**2 - 567*x + 150. Give l(41).
437
Let y(i) = 10*i**2 + 32*i + 22. Give y(-6).
190
Let t(r) = r**2 + 10*r - 54. Give t(-19).
117
Let s(u) = -4*u**2 - 28*u + 202. Calculate s(6).
-110
Let j(h) = -h**3 + 5*h**2 + 20*h + 42. Give j(8).
10
Let x(w) = -w**3 - 87*w**2 + 1637*w + 178. Give x(16).
2
Let o(y) = 108*y - 390. What is o(5)?
150
Let q(k) = -k**2 - 111*k - 116. Determine q(-110).
-6
Let l(d) = -290*d - 839. Calculate l(-3).
31
Let s(o) = -148*o + 1358. Give s(9).
26
Let c(n) = 522*n + 1027. Calculate c(-2).
-17
Let f(o) = -3*o**2 + 6*o + 3. Calculate f(0).
3
Let y(x) = 2*x**2 - 236*x + 1556. Calculate y(111).
2
Let g(s) = -44*s - 353. What is g(-5)?
-133
Let a(w) = 20*w + 911. Give a(-45).
11
Let w(x) = x**3 + 31*x**2 - 162*x + 641. Give w(-36).
-7
Let g(r) = r**3 + 24*r**2 - 9*r - 4. Calculate g(-24).
212
Let c(n) = -5*n**2 - 26*n + 10. What is c(0)?
10
Let s(v) = v**2 - 14. Calculate s(4).
2
Let t(z) = 9*z**2 + 194*z + 86. Calculate t(-22).
174
Let q(z) = 73*z - 5123. What is q(70)?
-13
Let d(l) = 261*l + 1059. Give d(-4).
15
Let w(r) = -78*r + 627. Calculate w(8).
3
Let r(w) = 10*w - 541. Give r(44).
-101
Let x(i) = -16036*i - 240542. Determine x(-15).
-2
Let k(i) = i**3 - 5*i**2 - 82*i + 250. Give k(3).
-14
Let y(h) = -56*h**3 - h**2 + 11*h + 8. Give y(-1).
52
Let c(k) = -19*k**2 - 8*k - 16. What is c(-5)?
-451
Let o(p) = 7*p**2 - 174*p - 1149. Determine o(-6).
147
Let s(y) = -3*y**2 - 59*y + 374. What is s(-25)?
-26
Let h(i) = -i**2 - 40*i - 302. Calculate h(-28).
34
Let t(y) = -y**3 - 50*y**2 - 45*y + 205. Give t(-49).
9
Let l(k) = -25*k - 680. What is l(-24)?
-80
Let f(t) = 9*t - 329. Calculate f(26).
-95
Let k(s) = 25*s + 15. Calculate k(-3).
-60
Let l(x) = x**2 + 33. What is l(-12)?
177
Let t(r) = 2*r**2 + 21*r - 123. Calculate t(6).
75
Let y(t) = 25*t + 67. Determine y(5).
192
Let w(r) = 60*r - 1636. Calculate w(28).
44
Let s(p) = -p**3 + 43*p**2 + 138*p + 18. Calculate s(46).
18
Let y(m) = 11*m**2 - 142*m + 125. What is y(12)?
5
Let b(o) = 2*o**3 - 6*o**2 + 6*o - 5. Calculate b(3).
13
Let i(j) = 1010*j + 13128. Calculate i(-13).
-2
Let h(j) = -j**3 - 24*j**2 - 76*j - 9. What is h(-4)?
-25
Let c(d) = d**3 + 5